*f - 360. Let z = -1 - -10. What is the greatest common factor of z and f?
9
Let x(k) = 10*k - 2. Let n be x(4). Calculate the greatest common divisor of n and 19.
19
Let v(s) = -12*s + 2. Let x be v(-2). What is the greatest common divisor of x and 13?
13
Let j(m) = 4*m**2 - 2*m + 3. Let r be j(2). What is the greatest common divisor of 10 and r?
5
Let k = 21 - 20. Let v be (-7)/(k + 4 + -6). Let d be (-39)/(-6) + (-2)/(-4). Calculate the greatest common factor of v and d.
7
Let u be 15/(6*2/40). Suppose -4*o + u = o. What is the highest common divisor of o and 10?
10
Suppose -3*s - 114 = -4*b + b, -4*b - 2*s + 122 = 0. What is the greatest common divisor of 44 and b?
11
Suppose 0*h - 2*h = 0. Suppose 3*g + 2*m - 10 = h, 0 = -3*g - 5*m - 0 + 7. Calculate the highest common divisor of g and 16.
4
Let s = 385 - 201. What is the highest common divisor of s and 8?
8
Let q be (2 - 0) + -1 - -1. Suppose q*u - 6 = -0*u. Suppose k - 12 = -3*k. What is the greatest common factor of u and k?
3
Let a(x) = 2*x - 16. Let d be a(9). Suppose -12 = -3*b, 0*b - b + 136 = d*q. What is the highest common divisor of 11 and q?
11
Let r be (8/(-10))/(1/(-35)). Let c be (-1 - -2)/(0 - 2/(-8)). Calculate the greatest common factor of r and c.
4
Suppose 4*m - 8*m + 48 = 0. Let u be 18/m*(1 - -5). What is the greatest common factor of 36 and u?
9
Let j be (-1 + 0 + -9)*(12 + -13). What is the greatest common divisor of 100 and j?
10
Let w = 7 + 14. Calculate the greatest common divisor of 63 and w.
21
Suppose -3*h - 36 + 144 = 0. Calculate the highest common factor of 90 and h.
18
Let s(v) = 6*v**2 + 2*v - 4. Let g be s(4). Calculate the greatest common divisor of g and 20.
20
Let r(z) = -z**2 + 5*z. Let m be r(3). Let y = 32 - 20. What is the greatest common divisor of y and m?
6
Let b = 129 + -91. Let h(y) = -6*y**2 + 3*y + 1. Let s be h(-2). Let p = 48 + s. What is the greatest common factor of b and p?
19
Let f(x) = 3*x**2 + 6*x + 3. Let h be f(-5). Let n = -3 + h. Calculate the highest common factor of n and 18.
9
Suppose -2*a + 7*a = 55. Suppose 0 = -5*o + 4*l + 393, o - 4*l - 73 = -6*l. Calculate the highest common factor of a and o.
11
Let j(k) = 5*k + 31. Let g be j(-5). What is the highest common factor of 21 and g?
3
Let b(x) be the third derivative of -x**4/24 + 8*x**3/3 - 5*x**2. Let m = 12 - 3. Let s be b(m). What is the greatest common divisor of 49 and s?
7
Let d be 15 - ((1 - 0) + (-9 - -9)). Calculate the highest common divisor of 2 and d.
2
Let b = -6 + 3. Let c = 7 + b. Let d be c/(-14) - (-634)/14. What is the highest common factor of d and 15?
15
Let v be 4/(-14) + (940/7 - -2). What is the greatest common divisor of v and 8?
8
Let o be 0 + 0 + (1 - -107). Suppose 5*c - c - 52 = -y, -3*y + 4*c + o = 0. Calculate the greatest common divisor of y and 100.
20
Let n(c) = -c**3 + 7*c**2 + c - 5. Let p be n(-5). Let r = p + -164. Let h(l) = l**2 + 4*l + 6. Let j be h(-6). Calculate the greatest common factor of j and r.
18
Suppose -3 = 3*z - 0. Let j be (z - -2)*(-36)/(-3). Suppose 5*t - j = -3*y, -y + 4 = -0*y + 3*t. Calculate the greatest common divisor of 10 and y.
2
Suppose 30*i = 16 + 14. Suppose -2 = -4*h - 4*s + 2, 5*s - 4 = -4*h. Let g(c) = 10*c**2 - 1. Let m be g(h). Calculate the greatest common divisor of m and i.
1
Let y(r) = r**2 - 6*r + 8. Let q be y(6). Let d be (-5)/2*32/(-10). Let g = d + q. Calculate the highest common factor of g and 48.
16
Let l = -78 + 43. Let h = -7 - l. Suppose -2*w = -3*j - 8 + 46, 0 = 5*j - 4*w - 62. What is the highest common factor of j and h?
14
Let h = -120 + 168. What is the greatest common factor of h and 16?
16
Let i = -5 + 5. Suppose i = -5*m + 6 - 1. Suppose 0 = -2*f + 6 + 2. Calculate the highest common factor of f and m.
1
Let k(a) = -1 - 3 - 2 + 4 + a. Let l be k(11). Calculate the greatest common divisor of l and 9.
9
Let z(j) = 98*j**2 - 2*j - 1. Let t = 34 - 35. Let h be z(t). Let c(u) = u**3 - u**2 + u + 9. Let i be c(0). What is the greatest common factor of h and i?
9
Let k = -25 - -55. Calculate the highest common factor of k and 60.
30
Let r = 15 + -39. Let f be 42/(r/(-10) - 2). Suppose 0 = -2*p - j + 101, 0*p - 2*p + f = 5*j. Calculate the greatest common factor of p and 10.
10
Let o(n) = -n**2 + 6*n + 6. Let k be o(6). Calculate the highest common factor of 12 and k.
6
Suppose 5*w - w = 216. Suppose 2*x = -w + 162. Calculate the highest common divisor of x and 18.
18
Let i = 116 - -1. Suppose 10*b + 5*u = 5*b + 30, 2*u = -4. Let d be (-3)/4 + 110/b. What is the greatest common divisor of i and d?
13
Suppose 0*l = -3*l + 135. Let s(v) = -v + 30. Let k be s(0). What is the highest common divisor of k and l?
15
Suppose 3*o = o - 4. Let u = 4 + o. Suppose -3*s + u = -1. What is the highest common factor of s and 8?
1
Let p(c) = 3*c**3 - 3*c**2. Suppose -2*d = 2*z - 10, -5*z = 4*d - 3*z - 14. Let y be p(d). Calculate the highest common divisor of y and 3.
3
Suppose -2*l = 2*l - 28. Suppose 52 = 5*k + 4*s, 3*k - l*s + 2*s - 46 = 0. Calculate the highest common factor of k and 132.
12
Let g = -9 + 10. Suppose -4*u = t + 8, 5*u = 2*t - 4*t - g. Calculate the greatest common factor of 96 and t.
12
Let j = 174 - 172. Let a(c) = -4*c - 2. Suppose 0*z + 2*z = -10. Let x be a(z). Calculate the highest common factor of j and x.
2
Let k = -52 - -151. Suppose -6*w = -w + 15. Let f(c) = -2*c + 3. Let b be f(w). What is the greatest common divisor of b and k?
9
Let a(b) = 3*b - 2. Let d be a(2). What is the greatest common factor of d and 44?
4
Let d be -3*6/(-1) - 2. What is the greatest common divisor of d and 16?
16
Suppose 0 = -c - 0*c + 168. Let s be -5 + 3 + (21 - -2). Calculate the greatest common divisor of s and c.
21
Let g(v) = -v**3 - 2*v**2 - 2*v - 1. Let z be g(-2). Let c be (0 - 0)/z - 1. Let i be 1 - (c + 2) - -2. Calculate the greatest common factor of 2 and i.
2
Suppose -3*l = 4*n - 337 + 85, 0 = -2*l - 4*n + 172. What is the highest common factor of 20 and l?
20
Suppose i = 3*i + 4, -3*q + 77 = -4*i. Calculate the highest common factor of q and 184.
23
Let b(u) be the third derivative of u**4/24 + 5*u**3/3 - 3*u**2. Let k be b(-11). Let y = 25 - k. Calculate the highest common divisor of 65 and y.
13
Let f(l) = -l**2 + 17*l + 34. Let v be f(18). Let y be ((-3)/2)/((-6)/160). Calculate the greatest common factor of y and v.
8
Suppose 3*f - 19 = -s + 3, -140 = -4*s + f. What is the greatest common factor of s and 85?
17
Let h(d) = -d**3 - 7*d**2 - 7*d - 3. Let z be h(-6). Suppose z*b = b. Suppose b*n = -4*n + 48. What is the highest common factor of 18 and n?
6
Let a be (2 - 0)/(4/90). Suppose 2*q + 24 = 74. Let o = -16 + q. Calculate the highest common divisor of a and o.
9
Suppose 0*w + 5*a = w - 43, 237 = 5*w - 3*a. What is the highest common factor of w and 6?
6
Let b be ((-888)/(-185))/((-6)/(-20)). Let w(f) = f**2 - f - 2. Let r be w(3). Calculate the greatest common divisor of r and b.
4
Suppose 0 = -2*l + 5*l + w - 12, -17 = -4*l - w. Let v(f) = f - 3. Let m be v(l). Suppose 0 = 27*g - 45*g + 72. What is the highest common factor of g and m?
2
Let m(x) = -x**3 + 5*x**2 - 4*x + 4. Let o be m(3). Suppose 3*f - o - 212 = 0. Let t = f + -26. Calculate the highest common divisor of 12 and t.
12
Let x(m) = m - 2. Let k be x(0). Let l = k + 9. Suppose 0 = 4*w - l*w + 39. What is the greatest common divisor of 39 and w?
13
Suppose -v + 15 = -4*v, 4*v = -2*l - 14. Calculate the greatest common factor of l and 21.
3
Suppose -11*h = -7*h - 16. Calculate the greatest common factor of h and 72.
4
Let y be (-30)/(-9)*(-1 + 16). Suppose -4*j + 25 + 15 = 0. Calculate the greatest common factor of y and j.
10
Suppose -4*g + 5*j = -55, -g + 0*j - 2*j = -17. Calculate the greatest common factor of g and 15.
15
Let u be 3/12 - 37/4. Let j = u + 21. What is the highest common factor of 3 and j?
3
Suppose -11*h - 166 + 804 = 0. What is the greatest common factor of h and 87?
29
Let t(p) = -13*p + 57. Let u be t(3). Suppose 3*d = -2*d - v + 814, 470 = 3*d - 4*v. Calculate the greatest common divisor of d and u.
18
Let c be (20/6)/(2/6). Let n be (-14)/(-3)*(-36)/(-42). Let u be 8 + ((-36)/n)/3. What is the greatest common divisor of u and c?
5
Let o be (5 - 0) + (-1)/(-1). Let s be 9/(-4)*(-24)/3. Su